*z = 3*x - 33. What is the units digit of z?
2
Let s(y) = 2*y - 7. Suppose -3*v + 3*b + 21 = 0, 0*b = 5*v - 2*b - 29. What is the units digit of s(v)?
3
Suppose -392 = -4*o + m, 3*m + 193 = 3*o - 92. What is the units digit of o?
9
Let q(f) = 14*f - 1. Let a be q(1). Suppose -3*u = -67 + a. Suppose -4*i + h + 53 = 6*h, 0 = i - 5*h + u. What is the units digit of i?
7
Suppose 4*h + 21 + 11 = 0. Let y = 5 + h. What is the units digit of y*(-3)/9*2?
2
Let a(r) = r + 1. Let k be a(-4). Let p be (k - -1)/((-1)/(-7)). What is the units digit of 3 - p - (2 + 1)?
4
Let w = 307 - 518. Let o = w - -151. What is the units digit of ((-1)/3)/(5/o)?
4
Let x be (16/12)/(2/48). What is the units digit of 37/4 + 24/x?
0
Let q be (3/2)/(4/48). What is the units digit of 0 - (3 + q/(-3))?
3
Let g be ((-1)/(-1))/(1/(-1)). What is the units digit of (-64 - g)*7/(-21)?
1
Let l(w) = w**3 + 10*w**2 + 9*w + 4. Let i be l(-9). Suppose -4*u - 3*t = u - 87, -u = i*t - 14. What is the tens digit of u?
1
What is the tens digit of 51/(-3)*(-2 + 1)?
1
Let x = -40 - -122. What is the units digit of x?
2
Let c(j) = j**3 + 10*j**2 - 5*j - 2. What is the tens digit of c(-10)?
4
Let d = -29 + 54. What is the units digit of d?
5
Let z(n) = 5*n**2 + 9*n - 2. What is the units digit of z(-4)?
2
Let d(w) = -7*w**2 - w + 4. Let a be d(3). What is the tens digit of (a/4)/((-6)/12)?
3
Suppose 0 = 4*f - 2*q + 5*q - 80, 3*q + 39 = 3*f. What is the tens digit of f?
1
Let h(t) = t + 3. Let p be h(0). Suppose p*k = -k + 88. What is the tens digit of k?
2
Let p = -56 + 98. What is the tens digit of p?
4
Let i(b) = b**2 + 2*b + 3. What is the tens digit of i(6)?
5
Suppose 42 = n - 104. What is the tens digit of n?
4
Let w(c) = 9*c**2 - 2*c + 1. Let l be w(1). Let j be 42/8 - 2/l. Suppose -o = -2*x - 5, -j*x + 6 = 2*o + 5. What is the units digit of o?
3
Suppose 3*h + 4*h - 217 = 0. What is the tens digit of h?
3
What is the units digit of (3 - 1) + 3114/18?
5
Suppose 5*z = 2*z. Suppose z = -3*l - l + 52. What is the tens digit of l?
1
Let q(r) = 4*r**3 - r**2 + 4*r - 4. Let n(a) = 5*a**3 - a**2 + 5*a - 3. Let l(f) = 5*n(f) - 6*q(f). What is the units digit of l(0)?
9
Let i(u) = 98*u - 4. Let y be i(2). Suppose q = 5*q - y. What is the tens digit of q?
4
Suppose 0 = -3*f - 0*f + 6. Suppose -3*g + 21 = 3*h, f*h - 3*g - 1 - 18 = 0. What is the units digit of h?
8
Let w(n) = 3*n**2 - 2*n - 1. Let a be w(2). Let v = 11 - a. Suppose -5*i = -2*j + 20, -v*j + 5*i - 10 = -40. What is the units digit of j?
5
Let f be (-1)/(4/8) + 6. What is the units digit of 17 - -1*(f + -3)?
8
Let a(n) = -n**2 - 10*n + 16. Let s be a(-11). Suppose 0 = -s*f - 6 - 14, -3*b - 5*f + 28 = 0. What is the units digit of ((-24)/b)/((-6)/16)?
4
Suppose k + k = 2. Let b(y) = 11*y**2 - 2*y + 1. What is the tens digit of b(k)?
1
Suppose 58 = 2*v + 4*d, 172 = 5*v - d + 2*d. Let f = v + -5. What is the units digit of f?
0
Let a(w) = 11*w - 11. Let k be a(6). Let t = -3 + k. What is the tens digit of t?
5
Let a(o) be the first derivative of -o**3/3 - 9*o**2/2 - 4*o + 1. Suppose 0 = 3*j - 2*j + 4. What is the units digit of a(j)?
6
Let k = 183 - 89. What is the units digit of k?
4
Let f(i) = i - 1. Let x be f(4). Suppose 0 = -x*h - 0 + 42. What is the tens digit of h?
1
Let c(j) = 2*j**2 - 9*j - 10. Let h be c(7). Let a = -40 + h. What is the units digit of a/(-2)*8/12?
5
Let v be 0 - 14*44/(-8). Suppose -4*d = -v - 11. What is the tens digit of d?
2
Let l = 4 - 7. Let u = l - -15. What is the tens digit of u?
1
Suppose 0 = -6*v + 5*v + 11. What is the units digit of v?
1
Let y(o) = -3*o**3 - 6*o**2 + 6*o + 9. Let n(f) = -4*f**3 - 5*f**2 + 7*f + 8. Let j(z) = 2*n(z) - 3*y(z). What is the units digit of j(-8)?
1
What is the tens digit of (8 + -1)*(-88)/(-8)?
7
Let n = -6 - -10. Let j = -6 + n. What is the units digit of 4 + (0/(-2))/j?
4
Suppose 1 - 55 = 2*d. Let m = d - -39. Suppose 5*s + 20 = 5*o, -m + 4 = -5*o - s. What is the units digit of o?
2
Suppose v = 5*v - 20. Suppose v*q + 17 = -8. Let t = 11 + q. What is the units digit of t?
6
Let n(d) = d**3 - 17*d**2 + 19*d + 10. What is the tens digit of n(16)?
5
Let q(b) be the third derivative of b**4/12 - b**3 - 4*b**2. What is the units digit of q(5)?
4
Let a = -29 + 49. What is the tens digit of a?
2
Suppose -2*i = 22 + 6. What is the units digit of (-150)/i + (-4)/(-14)?
1
Suppose 5*r = 9 - 74. Let o = 2 - r. What is the units digit of o?
5
Let j(y) = 10*y - 5. What is the tens digit of j(2)?
1
Let r(v) = -v**2 - 2*v + 3. Let g be r(-4). Let a = g + 2. Let y(l) = -l**2 - 5*l - 4. What is the units digit of y(a)?
2
Suppose -2*o - o + 27 = 0. Suppose -u = -2 + 4. Let q = u + o. What is the units digit of q?
7
Let p be (-2 - 1)/(2 - 3). Suppose 0 = -2*c - 0 - 6, 0 = -4*k - p*c + 123. What is the units digit of (-2)/10 - k/(-15)?
2
Suppose -2*p - 3*w + 12 = p, 5*w + 20 = 5*p. Let m = p + 7. What is the tens digit of m?
1
Let p = 406 - 231. What is the hundreds digit of p?
1
Suppose 5*g - 3*g - 4*r - 2 = 0, -2*g - r = -17. Let q = g + -5. What is the units digit of q?
2
Let w be (-1)/(-2) - (-3)/2. What is the units digit of 0 + 1 + 15 - w?
4
Let y(m) = 0*m**3 + 0*m - 5*m - m**3 - 6*m - 8 - 10*m**2. What is the tens digit of y(-9)?
1
Let o(z) = -2*z + 23. What is the tens digit of o(-10)?
4
Let q(b) = -b**2 + 9*b + 12. Let i be q(10). Suppose -3*n = i*d - 14, 2*d + 2 = -0*d + n. What is the units digit of d?
1
Suppose -5*g - 30 = -2*s, 6*g = 3*s + 2*g - 38. What is the tens digit of s?
1
Let h be ((-6)/4)/((-36)/48). What is the units digit of (3/h)/(6/4)?
1
Suppose -14 = -2*g - p + 3, 2 = 2*p. Suppose -4*n = -4*h - 16, n + 3*h + g = 32. Let j = n - 5. What is the units digit of j?
4
Let a(k) = k + 7. Suppose 0*b + 3*b + 15 = 0. Let x be a(b). Let h(z) = z**2 + 1. What is the units digit of h(x)?
5
Suppose 0 = -5*r + 2*n - 0*n + 381, -n = -2*r + 153. What is the tens digit of r?
7
Suppose -17*m + 20*m = 477. What is the tens digit of m?
5
Let l(r) be the first derivative of -2*r**2 + 5*r - 2. Let v be l(-6). Suppose 0 = i - 2*o - v, 0 = -5*i - 4*o + 50 + 25. What is the tens digit of i?
1
What is the tens digit of (-480)/(-14) - 4/14?
3
Let t(w) be the second derivative of -20*w**3/3 - w**2/2 + 3*w. Let h be t(-1). Suppose h = -o + 4*o. What is the tens digit of o?
1
Suppose -1517 = -8*d + 1083. What is the hundreds digit of d?
3
Let m = 3 - 2. Let o(f) = -f**2 - 7*f - 4. Let z be o(-6). What is the tens digit of (-60)/(-4) - (z + m)?
1
Suppose -5*r - 5*k + 45 = 0, -4*k = 5*r - 0*r - 48. What is the units digit of r?
2
What is the tens digit of (74 + 2)*(-266)/(-56)?
6
Suppose -d - 2*z + 3*z + 1 = 0, -5*d + 25 = 5*z. Suppose -4*y + 4*o + 26 = -34, 3*y - o = 55. Suppose x = d*x - y. What is the units digit of x?
0
Suppose 380 - 155 = 5*y - 5*i, 0 = 3*y - 5*i - 141. What is the units digit of y?
2
Let y(x) = -14*x + 2. What is the units digit of y(-3)?
4
Let p(i) = -5*i - i**3 + 2 - 2 + 9*i**2 - 3*i**2. What is the tens digit of p(4)?
1
Let w(q) = -2*q**3 + 2*q**2 + 3*q + 3. Let s be w(4). What is the units digit of (1 - 4/3)*s?
7
Suppose z - 2*w - 23 = 0, w = -z - 3*w - 7. Suppose 5*i - z - 7 = 0. What is the units digit of i?
4
Let u be ((-3)/(-4))/3*12. Suppose -3*g = -2*y + 36, u*y - 90 = -2*y - 2*g. What is the units digit of y?
8
Let s = -173 + 449. What is the hundreds digit of s?
2
Suppose 0 = 4*v - 15 - 45. Let q = 30 - v. Let i = q + -1. What is the tens digit of i?
1
Suppose -6 = 5*r - 21. Suppose -p - q + 29 = q, r*p = -3*q + 81. Let w = p + -14. What is the tens digit of w?
1
Let l(s) = -s + 14. Let u(g) = -g + 13. Let y(b) = -3*l(b) + 4*u(b). Let z be y(9). Suppose 4*k - 7 = z. What is the units digit of k?
2
Let v be -5*(-1)/(-1)*-1. Suppose -25 = -v*p - 0. What is the units digit of p?
5
Let v be ((-8)/12)/((-1)/3). Let g be ((-6)/v)/((-18)/24). Suppose -g*x + s + 72 = 0, -105 = 5*x - 10*x + 5*s. What is the tens digit of x?
1
Let m(z) = -z**2 + 9*z + 4. Let i be m(9). Suppose 3*b + 5*k - 69 = 0, 102 = 3*b + 2*b + i*k. What is the units digit of b?
8
Let o(b) = b**2 - 8*b - 5. What is the tens digit of o(12)?
4
Suppose -b + 3 = 6. What is the units digit of ((-42)/9)/(2/b)?
7
Suppose -2*o + 43 = -0*n - 3*n, o + 2*n - 32 = 0. What is the tens digit of o?
2
Suppose -